lse
Let z be (-4)/((-12)/(-567)) - 1. Suppose 1799 = -5*p - r, 734 = -4*p + 2*p - 4*r. Let a = z - p. Is a a prime number?
False
Let c be ((-15)/(-2))/((-2)/(-108)). Let u = -403 - -405. Suppose -5*d + c = 2*a, 0*d + 4*d + 414 = u*a. Is a prime?
False
Let j be 36/108 - 1022/(-3). Let v be (-28)/(-6) + (-2)/3. Suppose v*y - 3*c - j = 0, 4*y = -y - 4*c + 465. Is y a composite number?
False
Let u(a) = -88*a**3 + 6*a**2 + 2*a + 23. Is u(-6) prime?
False
Suppose 37 = 3*d + 46. Let p(r) = -23*r**3 - 6*r**2 + r - 7. Is p(d) prime?
True
Suppose -3*t + 7437 = -5*r - 17104, 0 = -3*t + 2*r + 24544. Is t a prime number?
False
Suppose 16*a = 11*a. Let b be a/(-1) + 3/1. Suppose -b*c = 5*t - 137, c = t + 2*t + 55. Is c prime?
False
Let a(k) = -2*k + 4. Let v be a(6). Let o = 10 + v. Suppose 4*r - 5*w - 606 = 2*r, -285 = -r - o*w. Is r a composite number?
False
Let m(x) = 73*x**2 + 16*x - 278. Is m(-21) prime?
False
Let w = 59 + -75. Is (769/(-4))/(2/w) - 1 a composite number?
True
Suppose 6*u + 3*b = 9*u - 17682, 5884 = u - 3*b. Is u a prime number?
False
Let d(z) = 3*z + 5. Let x be d(0). Suppose x*w - 313 - 72 = 0. Is w a composite number?
True
Let d(g) = 4098*g - 37. Is d(5) prime?
False
Suppose -3351 = -r - 5*p + 358, 0 = 4*p + 8. Is r prime?
True
Let w be 10/6 - (-14)/(-21). Suppose 4*t - 5*f - 21 = 0, 5*f = -2*t - w + 4. Suppose -k + 3*v + 140 = 0, t*k - 2*k - 4*v = 274. Is k a prime number?
True
Suppose 3*z - 1328 - 1129 = -5*q, 5*q - 2464 = 4*z. Let w = q + -185. Is w composite?
False
Let f(q) be the second derivative of 10*q + 34/3*q**4 - 5/2*q**2 + 0 + 2/3*q**3. Is f(2) a composite number?
False
Let t(k) = 3*k**3 - 2*k**2 - 2*k - 5. Let y(s) = 7*s**3 - 4*s**2 - 4*s - 11. Let p(a) = -5*t(a) + 2*y(a). Let z be p(7). Let w = z - -791. Is w prime?
True
Let o(v) = 14*v**2 + 3*v + 48. Is o(13) a composite number?
True
Is 393093/54*4/6 prime?
False
Let p(l) = 2*l**2 - 51*l + 241. Let r be p(31). Let o = -2 + 7. Suppose 0 = -5*h - 4*d + r, 0 = -h + o*h - 5*d - 482. Is h a composite number?
True
Let f be 6/((-6)/27*3). Let r = -6 - f. Suppose u - r*d = -u + 79, -2*u - 2*d = -104. Is u prime?
True
Suppose 2178 = -4*o + 22*o. Is o a composite number?
True
Suppose 30*s = -3*h + 26*s + 100531, -h = -4*s - 33489. Is h a prime number?
False
Suppose 2*r - 13583 = -3721. Is r composite?
False
Is (-1*2518/6)/(2/(-6)) a composite number?
False
Suppose k - 6537 = 1774. Is k prime?
True
Suppose 4*c - 12648 - 20 = 0. Suppose -c = -4*x - 675. Suppose -p + x = 5*t + 3*p, -121 = -t - 2*p. Is t prime?
True
Let b(x) = -38*x + 6. Let l be b(-1). Suppose l*s = 48*s - 3628. Is s composite?
False
Suppose 0 = -5*y + 3*m + 11200, 3*m = 5*y + 4*m - 11180. Is y prime?
True
Suppose 4*r - 5*s = 61402, -5*r - 5*s = -3*r - 30716. Is r composite?
True
Let o = -16 + 58. Let g be 56/o*(1 - -2). Is 25 + (0 - (-1 + g)) composite?
True
Suppose -u + t + 178 = 0, -u + 5*u = -5*t + 676. Suppose -5*y + 3*z + 229 = -65, 3*y = z + u. Suppose c = -4*k + y, 4*c + 4*k - 303 = 3*k. Is c composite?
True
Suppose -63 = -4*d - 3*v + 12, 4*v = 5*d - 117. Suppose 1 = -4*i + d. Suppose 25 = -i*z, f + 5*z = 20 + 172. Is f prime?
False
Let q(r) = r**2 - 4*r + 4327. Is q(0) prime?
True
Let u = 243 + -157. Suppose u = t - 851. Is t a prime number?
True
Suppose -26 = -5*k + 14. Suppose 2*h + 3*u = k + 5, h = -5*u + 17. Is 22 + (0 - h) + -1 a composite number?
False
Let y be 2/(1/60*5). Let h = y - 21. Suppose h*k + k = 596. Is k a prime number?
True
Suppose 40503 - 6616 = 7*g. Is g composite?
True
Suppose -4*t = -2*w + 4996, 5*t = 2*w - 4*w + 5041. Suppose 3*d - i = w, -d - 2*i = -4*d + 2511. Is d a composite number?
True
Suppose 3*m - 34627 = 2*o, -2*m + 6212 = -3*o - 16881. Is m a prime number?
False
Let h be (-20)/(-12)*3*-166. Is h/(-20)*(2 + 2) prime?
False
Let f(a) = -2*a**2 - 5*a + 5. Let z be f(-3). Is (4 - (-281)/z)*2 a prime number?
False
Let a(x) = -x**3 + 15*x**2 + 16*x + 18. Let m be a(16). Suppose -u + 49 = -96. Let f = u - m. Is f a prime number?
True
Let x(h) = -h - 1. Let j(g) = 557*g + 8. Let u(k) = -j(k) - 5*x(k). Let p be u(-2). Suppose -5*c = w - 391, -c + p = 3*w - 4*c. Is w a prime number?
False
Let f be -1 - -1 - (1 + 3). Let n(u) = -u**2 - 4*u + 1. Let h be n(f). Let m(j) = 294*j**2 + 1. Is m(h) a prime number?
False
Is -1 - (-15 + 14) - (-10021 + 0) a composite number?
True
Let a(j) = j. Let n be a(2). Suppose 4*m + n*l = 5458, 3*m - 6821 = -2*m - 2*l. Is m a prime number?
False
Is (5 + -7)/(0 + (-4)/5794) prime?
True
Suppose -609981 = -28*q + 1017071. Is q a composite number?
False
Suppose 2*j + 2*j - 12 = 0. Suppose l - p - 2057 = -0*l, j*p = 4*l - 8224. Is l composite?
False
Suppose -10*c = 9*c - 180139. Is c a prime number?
False
Suppose -4*m - 6775 = -k, 30*k - 2*m - 13556 = 28*k. Is k prime?
True
Let l be 12/20 - 44/(-10). Suppose -v = -l*v. Suppose v = 4*f + 5*m - 455 - 175, -10 = -5*m. Is f prime?
False
Let q(k) = 883*k**2 + 6*k + 13. Is q(-6) a prime number?
False
Suppose r - 5*a = 26022, 5*r + 10686 - 140691 = 4*a. Is r a composite number?
False
Suppose 27 - 15 = 2*a. Let t be a - (-3)/(-15)*5. Suppose 4*f = 5*g - 0*f - 2713, -t*f - 551 = -g. Is g composite?
False
Suppose -2 = -2*p - 4*z, -10 = z - 6*z. Let c(o) = 3*o**2 + 2*o - 4. Let f be c(p). Let i = f - -104. Is i a prime number?
False
Let r = -12372 + 28783. Is r a composite number?
False
Let y(n) = 34*n**2 - 18*n + 31. Is y(11) a prime number?
True
Suppose 0 = -2*z + p + 5, 5*z + 0*z = -p + 30. Suppose 0 = -0*j - z*j + 955. Is j prime?
True
Suppose 2*y + 5*o = 1703, -2*y + 1694 = 4*o - 2*o. Suppose -18*z + y = -14*z. Is z a prime number?
True
Suppose 0 = w + v - 2*v - 99, -2*v = 5*w - 467. Let u = w - -450. Is u composite?
True
Let a be ((-16)/10)/((-4)/10). Suppose -a*k = -3*k - 2*u - 33, 0 = k + 3*u - 38. Let t = -14 + k. Is t prime?
False
Suppose 3*y + y + 1208 = 0. Let l = y - -715. Is l a prime number?
False
Let w = -34202 - -82933. Is w a composite number?
False
Suppose n + 12 = -n. Let c be n + 6 - 36/2. Is (-4)/c + 345/27 a prime number?
True
Let i = 1130 - 137. Is i prime?
False
Let m be ((-6)/(-6))/(-1 - 0). Let f be 2 - 0 - 497/m. Suppose f - 129 = 5*i. Is i a composite number?
True
Let m = 24 + -44. Let y = m + 70. Suppose 0 = -t + 77 + y. Is t prime?
True
Let a(h) = -2*h - 4 + 3 + 301*h**2 - 9. Is a(-3) a prime number?
False
Let q(r) = 214*r - 65. Let c be q(19). Let a = -2620 + c. Is a prime?
True
Let a(o) = o**3 + 9*o**2 - 9*o + 9. Let q be a(-10). Is ((7/3)/7)/(q/(-6447)) a composite number?
True
Let h = -162467 + 282061. Is h prime?
False
Let q(b) = -b**2 + 4*b + 3. Let o be q(4). Suppose r - 101 = 4*p + 450, -2*p = o*r + 279. Let t = 235 + p. Is t a composite number?
False
Let z = 28 + -24. Suppose -5742 = -z*j - 1670. Is j composite?
True
Suppose -3 = 2*r + 1. Is (6/9)/((r/921)/(-1)) prime?
True
Let s(d) = 874*d - 11. Is s(3) a composite number?
True
Let o be (-104)/(-24) + (-2)/(-3). Suppose -3*u + 1839 = o*d + 266, 0 = d - 3*u - 329. Is d prime?
True
Suppose 0*p - p + 261 = 0. Suppose -2*l + 0 = 2, 0 = b - l + 37. Let u = b + p. Is u composite?
False
Let b = 3 + -3. Let u(g) = -11*g - 29. Let h(f) = -5*f - 14. Let l(z) = -9*h(z) + 4*u(z). Is l(b) prime?
False
Suppose 6*r = 14*r + 1064. Let i = -14 - r. Is i a prime number?
False
Suppose 0 = 4*d - 0*d. Suppose d = -0*z - 5*z - 35. Is (-264)/z - 4/(-14) a composite number?
True
Let s = -846 - -2477. Is s a prime number?
False
Let b be 221/1 + 18/6. Let t = 633 - b. Let x = t - 176. Is x composite?
False
Suppose -46*n - 27790 + 260504 = 0. Is n a composite number?
False
Let y = 1711 + -988. Let l = y + -512. Is l a prime number?
True
Suppose -4*i - 2021 = -17*l + 16*l, 2*i - 4092 = -2*l. Is l a prime number?
False
Suppose 0 = -5*u + 4*w - 1337 - 302, 2*u = 4*w - 658. Is (16/4 - u)*1 composite?
False
Suppose 401*n - 362971 = 394*n. Is n composite?
False
Suppose 18911 = 5*l - 3*l + 3*h, 37798 = 4*l - 2*h. Is l a prime number?
False
Suppose 3*l - 5*s + 13 + 12 = 0, 2*s = 4*l + 10. Suppose 3*b - 3*m = 9, l + 3 = 5*b + m. Is (-1)/b + 214 + -2 a prime number?
True
Suppose 0 = -17*h + 8*h + 6021. Is h prime?
False
Let b = -54 + 46. Let a(p) = -6*p**3 - 12*p**2 - 9*p - 17. Is a(b) prime?
False
Suppose 0 = a + 29*a - 168690. Is a a prime number?
True
Let x(